(c) = c**2 + 20*c - 1617. Give s(44).
1199
Let j(t) = -761*t**2 - 12936*t + 20. What is j(-17)?
3
Let i(s) = 18*s**2 + 1564*s + 1132. What is i(-86)?
-244
Let s(j) = -j**2 - 887*j + 92214. Determine s(94).
0
Let m(u) = -48*u**2 + 527*u - 1479. Determine m(5).
-44
Let x(a) = 2*a**3 + 70*a**2 + 136*a + 308. Determine x(-33).
176
Let q(v) = -42218*v - 464483. Determine q(-11).
-85
Let n(j) = -j**3 + 6*j**2 + 1156*j - 1154. Calculate n(1).
7
Let p(l) = 4681*l + 84261. Give p(-18).
3
Let o(y) = -16537*y + 14069. Determine o(1).
-2468
Let p(c) = c**2 - 89*c - 25730. Calculate p(211).
12
Let c(n) = 147*n - 8250. Determine c(57).
129
Let l(u) = -108797*u - 652036. What is l(-6)?
746
Let o(n) = 169075*n - 845370. Calculate o(5).
5
Let k(m) = 114*m - 6483. What is k(63)?
699
Let d(n) = 163*n - 1016. Give d(6).
-38
Let y(h) = 1530*h - 1927788. What is y(1260)?
12
Let m(t) = -2*t**3 + 65*t**2 - 509*t + 13. What is m(12)?
-191
Let v(y) = -461*y + 38729. What is v(84)?
5
Let r(i) = 106*i**2 + 538*i + 22. Give r(-6).
610
Let a(k) = k**3 - 8*k**2 + 25*k - 430. Give a(10).
20
Let u(q) = -23*q**3 - 68*q**2 - 19*q - 64. Determine u(-3).
2
Let w(s) = s**3 + 35*s**2 - 326*s - 11419. What is w(-35)?
-9
Let d(z) = -17*z**2 + 11635*z + 11629. Determine d(-1).
-23
Let g(x) = -x**2 + 5962*x - 101185. What is g(17)?
-120
Let t(s) = 52452*s - 839229. What is t(16)?
3
Let j(r) = -9*r**2 - 380*r - 567. Calculate j(-41).
-116
Let k(b) = b**3 - 28*b**2 - 582*b + 15860. Give k(28).
-436
Let v(n) = -6*n**3 + 30*n**2 - 201*n - 534. What is v(-2)?
36
Let n(k) = 75*k**2 - 102*k - 2414. What is n(-5)?
-29
Let n(b) = -7455*b + 52171. Determine n(7).
-14
Let x(g) = -7*g**2 - 300*g + 1263. Calculate x(4).
-49
Let g(o) = -o**3 + 7*o**2 - 40*o - 272. Give g(-8).
1008
Let x(z) = 3292*z - 26311. Give x(8).
25
Let j(q) = q**3 + 15*q - 160. Determine j(8).
472
Let b(h) = -h**3 + 82*h**2 + 110*h - 2239. Calculate b(83).
2
Let q(i) = -i**3 + 26*i**2 + 88*i - 8. Give q(29).
21
Let c(s) = 2*s**3 + 36*s**2 - 292*s - 5677. What is c(-16)?
19
Let q(t) = t**3 + 326*t**2 + 2634*t + 28817. Calculate q(-318).
197
Let x(z) = -z**2 + 7574*z + 106305. What is x(-14)?
73
Let l(b) = 2*b**3 + 490*b**2 - 696*b - 50183. Determine l(-246).
1
Let o(m) = 9521*m**2 - 66671*m + 2. What is o(7)?
-166
Let c(a) = 14461*a + 9067056. Give c(-627).
9
Let b(t) = t**2 - 1977*t + 54407. What is b(28)?
-165
Let x(b) = -37525*b**2 - 6*b - 175. Give x(0).
-175
Let s(l) = -l**2 + 295*l - 21249. Give s(123).
-93
Let y(t) = 9100*t + 118296. Calculate y(-13).
-4
Let u(y) = 30004*y - 1440213. Calculate u(48).
-21
Let m(o) = o**3 - 46*o**2 - 15*o - 1666. Determine m(47).
-162
Let z(u) = 2405*u + 5206. Give z(-2).
396
Let n(a) = 42*a**2 - 1711*a + 2929. Calculate n(39).
82
Let d(u) = 3203*u - 16707. What is d(5)?
-692
Let k(z) = 1283*z - 305384. What is k(238)?
-30
Let o(w) = w**2 - 158*w - 6158. Determine o(-31).
-299
Let u(g) = -554946*g + 34406655. What is u(62)?
3
Let q(x) = -1352*x - 10202. What is q(-7)?
-738
Let s(u) = 43*u**2 - 69*u - 253. What is s(-4)?
711
Let x(r) = -2*r**2 + 13045*r - 775501. Calculate x(60).
-1
Let d(t) = 21494*t + 601803. Calculate d(-28).
-29
Let h(p) = p**2 + 39*p + 797. Determine h(-19).
417
Let s(w) = 17*w**2 - 77*w + 345. Give s(8).
817
Let z(x) = -2*x**3 + 47*x**2 + 12*x - 2502. Calculate z(21).
-45
Let m(r) = 116*r - 11623. Give m(100).
-23
Let i(t) = -479*t + 36566. Calculate i(76).
162
Let j(w) = 3*w**3 - 29*w**2 + 40*w + 53. Determine j(11).
977
Let h(r) = r**3 - 18*r**2 - 143*r + 763. Determine h(23).
119
Let k(o) = -236*o - 102827. Give k(-436).
69
Let p(w) = 59494*w + 475965. Determine p(-8).
13
Let l(d) = d**2 - 79*d - 36979. What is l(-157)?
73
Let n(w) = 43414*w + 2431241. Give n(-56).
57
Let b(s) = 20798*s + 165628. Calculate b(-8).
-756
Let d(v) = v**2 + 488*v - 8838. Determine d(17).
-253
Let n(a) = -8*a**2 + 49*a + 399. What is n(-9)?
-690
Let x(l) = -138*l - 13236. Determine x(-94).
-264
Let i(b) = 28905*b + 1127287. Calculate i(-39).
-8
Let o(s) = -s**2 - 95*s + 104322. Determine o(279).
-24
Let l(z) = z**3 - 16*z**2 - 1924*z + 23591. Calculate l(12).
-73
Let r(b) = -b**3 + 16*b**2 + 161*b - 282. Give r(23).
-282
Let q(c) = -27*c**2 - 4748*c + 82890. Determine q(16).
10
Let j(a) = -16*a**2 - 4705*a + 89524. Calculate j(-312).
-20
Let s(o) = -3304*o + 482369. Give s(146).
-15
Let v(y) = -83*y + 4293. Give v(35).
1388
Let u(i) = 55*i**3 - 176*i**2 - 31*i + 133. What is u(3)?
-59
Let z(r) = -2*r**2 - 9946*r + 59701. What is z(6)?
-47
Let x(j) = j**2 + 6534*j + 176636. What is x(-27)?
947
Let t(h) = h**3 - 15*h**2 - 63*h + 1095. Determine t(8).
143
Let m(u) = -3435*u + 309122. Give m(90).
-28
Let g(o) = 2312*o + 27729. Determine g(-12).
-15
Let x(o) = 3549*o + 19266. What is x(-5)?
1521
Let y(j) = j**2 - 16842*j + 302734. Calculate y(18).
-98
Let u(o) = -o**3 + 29*o**2 + 104*o - 173. Determine u(32).
83
Let k(w) = -2329*w - 32561. Give k(-14).
45
Let h(v) = 6766*v + 18462. Calculate h(-3).
-1836
Let r(v) = -v**2 - 84*v + 1883. What is r(36)?
-2437
Let x(f) = 1732*f - 6874. What is x(4)?
54
Let p(v) = -2589*v + 176072. What is p(68)?
20
Let m(h) = -1028*h**2 + 58*h + 29. Calculate m(-1).
-1057
Let b(d) = 16*d**2 + 483*d - 140480. Determine b(-110).
-10
Let x(w) = -31871*w + 222391. Determine x(7).
-706
Let g(f) = -f**2 - 53354*f + 1120890. Give g(21).
15
Let j(w) = 479*w**2 + 2829*w - 247. What is j(-6)?
23
Let o(m) = -34*m**2 - 9769*m - 41602. Give o(-283).
-1
Let n(i) = -3772*i - 35503. Determine n(-9).
-1555
Let u(o) = 5*o**2 + 220*o - 5965. What is u(17)?
-780
Let t(a) = 2*a**3 - 997*a**2 - 1493*a - 3495. What is t(500)?
5
Let s(v) = -4*v**2 - 1846*v + 39031. Determine s(-482).
-493
Let f(p) = 2545*p - 139976. What is f(55)?
-1
Let s(j) = 23*j**3 - 782*j**2 - 35*j + 533. What is s(34)?
-657
Let z(h) = -h**2 + 15*h + 141. What is z(15)?
141
Let k(v) = -v**3 - 70*v**2 + 161*v + 270. Calculate k(-73).
4504
Let a(l) = -l**3 - 863*l**2 - 5929*l + 53930. Give a(-856).
2
Let c(i) = -3*i**2 + 2842*i - 466617. Determine c(736).
7
Let s(j) = j**3 + 155*j**2 - j - 176. Determine s(-155).
-21
Let k(a) = 163*a - 322. Calculate k(3).
167
Let a(y) = y**3 + 215*y**2 - 8901*y - 1837278. Determine a(-217).
61
Let q(i) = 6*i**2 - 5633*i - 127819. Give q(961).
-6
Let b(a) = -2*a**2 - 790*a + 4008. Determine b(5).
8
Let d(h) = -h**3 - 36*h**2 + 182*h + 846. Determine d(-40).
-34
Let v(k) = -k**2 - 557*k + 7430. What is v(13)?
20
Let z(d) = -2450*d - 80791. Calculate z(-33).
59
Let o(z) = -z**3 - 738*z**2 + 143679*z - 928. What is o(-898)?
-30
Let s(r) = 120898*r - 604493. What is s(5)?
-3
Let f(q) = q**2 - 738*q + 61628. What is f(95)?
543
Let n(i) = i**2 - 126*i - 5838. Determine n(-36).
-6
Let x(o) = 5*o**3 + 15*o**2 - 539*o - 28. Give x(9).
-19
Let t(a) = -7*a**3 + 52*a**2 + 293*a - 1150. Calculate t(3).
8
Let t(l) = 861*l + 271218. Give t(-315).
3
Let n(y) = -617*y**2 - 40342*y + 40343. Calculate n(1).
-616
Let f(v) = 418946*v + 1256829. Determine f(-3).
-9
Let g(c) = 2*c**2 + 12*c + 93. Give g(0).
93
Let n(o) = 23*o**2 - 158*o - 121. Calculate n(6).
-241
Let x(v) = -4576*v + 443870. Calculate x(97).
-2
Let g(s) = -2217*s**2 + 15521*s - 17. Give g(7).
-3
Let p(o) = 7*o**2 - 4*o - 485. What is p(0)?
-485
Let v(g) = -31*g**2 + 4359*g - 11170. Determine v(138).
8
Let v(q) = 3*q**2 + 2616*q - 26277. Give v(10).
183
Let r(u) = -35*u**3 + 141*u**2 + 5642*u - 22565. Give r(4).
19
Let t(n) = -313*n + 41671. Calculate t(136).
-897
Let d(h) = -h**3 + 27*h**2 - 3458*h + 101950. Give d(29).
-14
Let o(m) = 89680*m - 358717. What is o(4)?
3
Let n(m) = m**3 + 90*m**2 - 366*m + 638. Give n(-94).
-302
Let k(b) = b**3 + 42*b**2 + 196*b - 4922. Calculate k(-30).
-2
Let f(y) = -2*y**3 + 942*y**2 - 15431*y - 2278. Give f(454).
-8
Let t(j) = -470*j + 12158. Determine t(26).
-62
Let n(h) = 6*h**3 + 25*h**2 - 31*h + 23. Calculate n(-5).
53
Let q(p) = 1291*p**2 - 2592*p - 2. Calculate q(2).
-22
Let b(a) = -2*a**3 - 34*a**2 + 42*a + 313. Determine b(-18).
205
Let v(l) = 3*l**3 + 156*l**2 + 708*l + 144. Determine v(-47).
3
Let f(h) = 2*h**2 + 899*h + 3574. Give f(-4).
10
Let p(q) = -4*q**2 + 2526*q + 20275. Determine p(-8).
-189
Let c(v) = -2*v**2 + 102*v - 922. What is c(34)?
234
Let m(v) = 19*v**2 - 3203*v + 794. Giv